{"id":87,"date":"2022-03-24T17:04:38","date_gmt":"2022-03-24T22:04:38","guid":{"rendered":"http:\/\/localhost\/genomica\/?page_id=87"},"modified":"2022-05-23T09:32:27","modified_gmt":"2022-05-23T14:32:27","slug":"transferencia-de-embriones","status":"publish","type":"page","link":"https:\/\/www.uniamazonia.edu.co\/genomica\/index.php\/transferencia-de-embriones\/","title":{"rendered":"Resultado transferencia de embriones"},"content":{"rendered":"\t\t<div data-elementor-type=\"wp-page\" data-elementor-id=\"87\" class=\"elementor elementor-87\">\n\t\t\t\t\t\t\t\t\t<section class=\"elementor-section elementor-top-section elementor-element elementor-element-c716585 elementor-section-boxed elementor-section-height-default elementor-section-height-default\" data-id=\"c716585\" data-element_type=\"section\">\n\t\t\t\t\t\t<div class=\"elementor-container elementor-column-gap-default\">\n\t\t\t\t\t<div class=\"elementor-column elementor-col-100 elementor-top-column elementor-element elementor-element-74b5fca\" data-id=\"74b5fca\" data-element_type=\"column\">\n\t\t\t<div class=\"elementor-widget-wrap elementor-element-populated\">\n\t\t\t\t\t\t\t\t<div class=\"elementor-element elementor-element-cb24b5e elementor-widget elementor-widget-text-editor\" data-id=\"cb24b5e\" data-element_type=\"widget\" data-widget_type=\"text-editor.default\">\n\t\t\t\t<div class=\"elementor-widget-container\">\n\t\t\t<style>\/*! elementor - v3.6.1 - 23-03-2022 *\/\n.elementor-widget-text-editor.elementor-drop-cap-view-stacked .elementor-drop-cap{background-color:#818a91;color:#fff}.elementor-widget-text-editor.elementor-drop-cap-view-framed .elementor-drop-cap{color:#818a91;border:3px solid;background-color:transparent}.elementor-widget-text-editor:not(.elementor-drop-cap-view-default) .elementor-drop-cap{margin-top:8px}.elementor-widget-text-editor:not(.elementor-drop-cap-view-default) .elementor-drop-cap-letter{width:1em;height:1em}.elementor-widget-text-editor .elementor-drop-cap{float:left;text-align:center;line-height:1;font-size:50px}.elementor-widget-text-editor .elementor-drop-cap-letter{display:inline-block}<\/style>\t\t\t\t<span lang=\"ES\" style=\"box-sizing: border-box; margin: 0px; padding: 0px; outline: 0px; font-size: 11pt; line-height: 15.6933px; font-family: Lato; color: #000;\">La Transferencia de embriones es una biotecnolog\u00eda que permite realizar la fecundaci\u00f3n en un laboratorio especializado, producir embriones y transferirlos a las hembras receptoras con el fin de completar el per\u00edodo de gestaci\u00f3n. El proceso comienza con la selecci\u00f3n de las hembras donadoras y toros, pues deben contribuir con alto valor gen\u00e9tico. Las donadoras se les realiza una aspiraci\u00f3n folicular, teniendo como resultado los oocitos; estos son llevados al laboratorio donde se realiza la fertilizaci\u00f3n in vitro y es protegido con medios de cultivo para el desarrollo del embri\u00f3n. Despu\u00e9s de producir los embriones pueden ser transferidos en fresco o congelados para despu\u00e9s ser transferidos a las hembras receptoras.\n <\/span>\n\n&nbsp;\t\t\t\t\t\t<\/div>\n\t\t\t\t<\/div>\n\t\t\t\t\t<\/div>\n\t\t<\/div>\n\t\t\t\t\t\t\t<\/div>\n\t\t<\/section>\n\t\t\t\t<section class=\"elementor-section elementor-top-section elementor-element elementor-element-2d6a529 elementor-section-boxed elementor-section-height-default elementor-section-height-default\" data-id=\"2d6a529\" data-element_type=\"section\">\n\t\t\t\t\t\t<div class=\"elementor-container elementor-column-gap-default\">\n\t\t\t\t\t<div class=\"elementor-column elementor-col-50 elementor-top-column elementor-element elementor-element-06d0756\" data-id=\"06d0756\" data-element_type=\"column\">\n\t\t\t<div class=\"elementor-widget-wrap elementor-element-populated\">\n\t\t\t\t\t\t\t\t<div class=\"elementor-element elementor-element-50bc333 elementor-widget elementor-widget-text-editor\" data-id=\"50bc333\" data-element_type=\"widget\" data-widget_type=\"text-editor.default\">\n\t\t\t\t<div class=\"elementor-widget-container\">\n\t\t\t\t\t\t\t<span lang=\"ES\" style=\"box-sizing: border-box; margin: 0px; padding: 0px; outline: 0px; font-size: 11pt; line-height: 15.6933px; font-family: Lato; color: #000;\">El objetivo del proyecto es Incrementar la difusi\u00f3n de material gen\u00e9tico seleccionado por gen\u00f3mica, mediante la utilizaci\u00f3n masiva de la fertilizaci\u00f3n In Vitro. Se realizar\u00e1 la Transferencia de embriones de los cruces in silico resultado de la investigaci\u00f3n<\/span>\t\t\t\t\t\t<\/div>\n\t\t\t\t<\/div>\n\t\t\t\t\t<\/div>\n\t\t<\/div>\n\t\t\t\t<div class=\"elementor-column elementor-col-50 elementor-top-column elementor-element elementor-element-9cdccb6\" data-id=\"9cdccb6\" data-element_type=\"column\">\n\t\t\t<div class=\"elementor-widget-wrap elementor-element-populated\">\n\t\t\t\t\t\t\t\t<div class=\"elementor-element elementor-element-39b7434 elementor-widget elementor-widget-image\" data-id=\"39b7434\" data-element_type=\"widget\" data-widget_type=\"image.default\">\n\t\t\t\t<div class=\"elementor-widget-container\">\n\t\t\t<style>\/*! elementor - v3.6.1 - 23-03-2022 *\/\n.elementor-widget-image{text-align:center}.elementor-widget-image a{display:inline-block}.elementor-widget-image a img[src$=\".svg\"]{width:48px}.elementor-widget-image img{vertical-align:middle;display:inline-block}<\/style>\t\t\t\t\t\t\t\t\t\t\t\t<img width=\"1024\" height=\"556\" src=\"https:\/\/www.uniamazonia.edu.co\/genomica\/wp-content\/uploads\/2022\/05\/cruce-potencial-1024x556.png\" class=\"attachment-large size-large\" alt=\"\" loading=\"lazy\" srcset=\"https:\/\/www.uniamazonia.edu.co\/genomica\/wp-content\/uploads\/2022\/05\/cruce-potencial-1024x556.png 1024w, https:\/\/www.uniamazonia.edu.co\/genomica\/wp-content\/uploads\/2022\/05\/cruce-potencial-300x163.png 300w, https:\/\/www.uniamazonia.edu.co\/genomica\/wp-content\/uploads\/2022\/05\/cruce-potencial-768x417.png 768w, https:\/\/www.uniamazonia.edu.co\/genomica\/wp-content\/uploads\/2022\/05\/cruce-potencial.png 1433w\" sizes=\"(max-width: 1024px) 100vw, 1024px\" \/>\t\t\t\t\t\t\t\t\t\t\t\t\t\t\t<\/div>\n\t\t\t\t<\/div>\n\t\t\t\t\t<\/div>\n\t\t<\/div>\n\t\t\t\t\t\t\t<\/div>\n\t\t<\/section>\n\t\t\t\t<section class=\"elementor-section elementor-top-section elementor-element elementor-element-0ceca02 elementor-section-boxed elementor-section-height-default elementor-section-height-default\" data-id=\"0ceca02\" data-element_type=\"section\">\n\t\t\t\t\t\t<div class=\"elementor-container elementor-column-gap-default\">\n\t\t\t\t\t<div class=\"elementor-column elementor-col-50 elementor-top-column elementor-element elementor-element-f834ff9\" data-id=\"f834ff9\" data-element_type=\"column\">\n\t\t\t<div class=\"elementor-widget-wrap elementor-element-populated\">\n\t\t\t\t\t\t\t\t<div class=\"elementor-element elementor-element-0fa862c elementor-widget elementor-widget-image\" data-id=\"0fa862c\" data-element_type=\"widget\" data-widget_type=\"image.default\">\n\t\t\t\t<div class=\"elementor-widget-container\">\n\t\t\t\t\t\t\t\t\t\t\t\t\t\t\t<img width=\"1024\" height=\"660\" src=\"https:\/\/www.uniamazonia.edu.co\/genomica\/wp-content\/uploads\/2022\/05\/embriones-1024x660.png\" class=\"attachment-large size-large\" alt=\"\" loading=\"lazy\" srcset=\"https:\/\/www.uniamazonia.edu.co\/genomica\/wp-content\/uploads\/2022\/05\/embriones-1024x660.png 1024w, https:\/\/www.uniamazonia.edu.co\/genomica\/wp-content\/uploads\/2022\/05\/embriones-300x193.png 300w, https:\/\/www.uniamazonia.edu.co\/genomica\/wp-content\/uploads\/2022\/05\/embriones-768x495.png 768w, https:\/\/www.uniamazonia.edu.co\/genomica\/wp-content\/uploads\/2022\/05\/embriones.png 1396w\" sizes=\"(max-width: 1024px) 100vw, 1024px\" \/>\t\t\t\t\t\t\t\t\t\t\t\t\t\t\t<\/div>\n\t\t\t\t<\/div>\n\t\t\t\t\t<\/div>\n\t\t<\/div>\n\t\t\t\t<div class=\"elementor-column elementor-col-50 elementor-top-column elementor-element elementor-element-40745b6\" data-id=\"40745b6\" data-element_type=\"column\">\n\t\t\t<div class=\"elementor-widget-wrap elementor-element-populated\">\n\t\t\t\t\t\t\t\t<div class=\"elementor-element elementor-element-cedb7e4 elementor-widget elementor-widget-text-editor\" data-id=\"cedb7e4\" data-element_type=\"widget\" data-widget_type=\"text-editor.default\">\n\t\t\t\t<div class=\"elementor-widget-container\">\n\t\t\t\t\t\t\t<span lang=\"ES\" style=\"box-sizing: border-box; margin: 0px; padding: 0px; outline: 0px; font-size: 11pt; line-height: 15.6933px; font-family: Lato; color: #000;\">Este proyecto busca intervenir 360 predios rurales, sincronizar 6000 hembras bovinas y realizar procesos de trasferencia de embriones para ganaderos beneficiarios.<\/span>\t\t\t\t\t\t<\/div>\n\t\t\t\t<\/div>\n\t\t\t\t\t<\/div>\n\t\t<\/div>\n\t\t\t\t\t\t\t<\/div>\n\t\t<\/section>\n\t\t\t\t<section class=\"elementor-section elementor-top-section elementor-element elementor-element-fa45313 elementor-section-boxed elementor-section-height-default elementor-section-height-default\" data-id=\"fa45313\" data-element_type=\"section\">\n\t\t\t\t\t\t<div class=\"elementor-container elementor-column-gap-default\">\n\t\t\t\t\t<div class=\"elementor-column elementor-col-100 elementor-top-column elementor-element elementor-element-be73d4b\" data-id=\"be73d4b\" data-element_type=\"column\">\n\t\t\t<div class=\"elementor-widget-wrap\">\n\t\t\t\t\t\t\t\t\t<\/div>\n\t\t<\/div>\n\t\t\t\t\t\t\t<\/div>\n\t\t<\/section>\n\t\t\t\t<section class=\"elementor-section elementor-top-section elementor-element elementor-element-7d7229d elementor-section-boxed elementor-section-height-default elementor-section-height-default\" data-id=\"7d7229d\" data-element_type=\"section\">\n\t\t\t\t\t\t<div class=\"elementor-container elementor-column-gap-default\">\n\t\t\t\t\t<div class=\"elementor-column elementor-col-50 elementor-top-column elementor-element elementor-element-695d5c0\" data-id=\"695d5c0\" data-element_type=\"column\">\n\t\t\t<div class=\"elementor-widget-wrap elementor-element-populated\">\n\t\t\t\t\t\t\t\t<div class=\"elementor-element elementor-element-e3563e2 elementor-widget elementor-widget-image\" data-id=\"e3563e2\" data-element_type=\"widget\" data-widget_type=\"image.default\">\n\t\t\t\t<div class=\"elementor-widget-container\">\n\t\t\t\t\t\t\t\t\t\t\t\t\t\t\t<img width=\"1024\" height=\"564\" src=\"https:\/\/www.uniamazonia.edu.co\/genomica\/wp-content\/uploads\/2022\/05\/grafica2-1024x564.png\" class=\"attachment-large size-large\" alt=\"\" loading=\"lazy\" srcset=\"https:\/\/www.uniamazonia.edu.co\/genomica\/wp-content\/uploads\/2022\/05\/grafica2-1024x564.png 1024w, https:\/\/www.uniamazonia.edu.co\/genomica\/wp-content\/uploads\/2022\/05\/grafica2-300x165.png 300w, https:\/\/www.uniamazonia.edu.co\/genomica\/wp-content\/uploads\/2022\/05\/grafica2-768x423.png 768w, https:\/\/www.uniamazonia.edu.co\/genomica\/wp-content\/uploads\/2022\/05\/grafica2-1536x846.png 1536w, https:\/\/www.uniamazonia.edu.co\/genomica\/wp-content\/uploads\/2022\/05\/grafica2.png 1574w\" sizes=\"(max-width: 1024px) 100vw, 1024px\" \/>\t\t\t\t\t\t\t\t\t\t\t\t\t\t\t<\/div>\n\t\t\t\t<\/div>\n\t\t\t\t\t<\/div>\n\t\t<\/div>\n\t\t\t\t<div class=\"elementor-column elementor-col-50 elementor-top-column elementor-element elementor-element-3615004\" data-id=\"3615004\" data-element_type=\"column\">\n\t\t\t<div class=\"elementor-widget-wrap elementor-element-populated\">\n\t\t\t\t\t\t\t\t<div class=\"elementor-element elementor-element-1e7b1ad elementor-widget elementor-widget-image\" data-id=\"1e7b1ad\" data-element_type=\"widget\" data-widget_type=\"image.default\">\n\t\t\t\t<div class=\"elementor-widget-container\">\n\t\t\t\t\t\t\t\t\t\t\t\t\t\t\t<img width=\"1024\" height=\"570\" src=\"https:\/\/www.uniamazonia.edu.co\/genomica\/wp-content\/uploads\/2022\/05\/grafico1-1024x570.png\" class=\"attachment-large size-large\" alt=\"\" loading=\"lazy\" srcset=\"https:\/\/www.uniamazonia.edu.co\/genomica\/wp-content\/uploads\/2022\/05\/grafico1-1024x570.png 1024w, https:\/\/www.uniamazonia.edu.co\/genomica\/wp-content\/uploads\/2022\/05\/grafico1-300x167.png 300w, https:\/\/www.uniamazonia.edu.co\/genomica\/wp-content\/uploads\/2022\/05\/grafico1-768x428.png 768w, https:\/\/www.uniamazonia.edu.co\/genomica\/wp-content\/uploads\/2022\/05\/grafico1-1536x855.png 1536w, https:\/\/www.uniamazonia.edu.co\/genomica\/wp-content\/uploads\/2022\/05\/grafico1.png 1769w\" sizes=\"(max-width: 1024px) 100vw, 1024px\" \/>\t\t\t\t\t\t\t\t\t\t\t\t\t\t\t<\/div>\n\t\t\t\t<\/div>\n\t\t\t\t\t<\/div>\n\t\t<\/div>\n\t\t\t\t\t\t\t<\/div>\n\t\t<\/section>\n\t\t\t\t<section class=\"elementor-section elementor-top-section elementor-element elementor-element-cc837a5 elementor-section-boxed elementor-section-height-default elementor-section-height-default\" data-id=\"cc837a5\" data-element_type=\"section\">\n\t\t\t\t\t\t<div class=\"elementor-container elementor-column-gap-default\">\n\t\t\t\t\t<div class=\"elementor-column elementor-col-100 elementor-top-column elementor-element elementor-element-5a32920\" data-id=\"5a32920\" data-element_type=\"column\">\n\t\t\t<div class=\"elementor-widget-wrap elementor-element-populated\">\n\t\t\t\t\t\t\t\t<div class=\"elementor-element elementor-element-ca6f51a elementor-arrows-position-inside elementor-pagination-position-outside elementor-widget elementor-widget-image-carousel\" data-id=\"ca6f51a\" data-element_type=\"widget\" data-settings=\"{&quot;slides_to_show&quot;:&quot;1&quot;,&quot;navigation&quot;:&quot;both&quot;,&quot;autoplay&quot;:&quot;yes&quot;,&quot;pause_on_hover&quot;:&quot;yes&quot;,&quot;pause_on_interaction&quot;:&quot;yes&quot;,&quot;autoplay_speed&quot;:5000,&quot;infinite&quot;:&quot;yes&quot;,&quot;effect&quot;:&quot;slide&quot;,&quot;speed&quot;:500}\" data-widget_type=\"image-carousel.default\">\n\t\t\t\t<div class=\"elementor-widget-container\">\n\t\t\t<style>\/*! elementor - v3.6.1 - 23-03-2022 *\/\n.elementor-widget-image-carousel .swiper-container{position:static}.elementor-widget-image-carousel .swiper-container .swiper-slide figure{line-height:inherit}.elementor-widget-image-carousel .swiper-slide{text-align:center}.elementor-image-carousel-wrapper:not(.swiper-container-initialized) .swiper-slide{max-width:calc(100% \/ var(--e-image-carousel-slides-to-show, 3))}<\/style>\t\t<div class=\"elementor-image-carousel-wrapper swiper-container\" dir=\"ltr\">\n\t\t\t<div class=\"elementor-image-carousel swiper-wrapper\">\n\t\t\t\t\t\t\t\t<div class=\"swiper-slide\"><figure class=\"swiper-slide-inner\"><img class=\"swiper-slide-image\" src=\"https:\/\/www.uniamazonia.edu.co\/genomica\/wp-content\/uploads\/2022\/05\/formacion1-1-768x347.png\" alt=\"formacion1\" \/><\/figure><\/div><div class=\"swiper-slide\"><figure class=\"swiper-slide-inner\"><img class=\"swiper-slide-image\" src=\"https:\/\/www.uniamazonia.edu.co\/genomica\/wp-content\/uploads\/2022\/05\/formacion2.png\" alt=\"formacion2\" \/><\/figure><\/div><div class=\"swiper-slide\"><figure class=\"swiper-slide-inner\"><img class=\"swiper-slide-image\" src=\"https:\/\/www.uniamazonia.edu.co\/genomica\/wp-content\/uploads\/2022\/05\/formacion3-1-768x344.png\" alt=\"formacion3\" \/><\/figure><\/div><div class=\"swiper-slide\"><figure class=\"swiper-slide-inner\"><img class=\"swiper-slide-image\" src=\"https:\/\/www.uniamazonia.edu.co\/genomica\/wp-content\/uploads\/2022\/05\/formacion4-1.png\" alt=\"formacion4\" \/><\/figure><\/div><div class=\"swiper-slide\"><figure class=\"swiper-slide-inner\"><img class=\"swiper-slide-image\" src=\"https:\/\/www.uniamazonia.edu.co\/genomica\/wp-content\/uploads\/2022\/05\/formacion6-768x344.png\" alt=\"formacion6\" \/><\/figure><\/div><div class=\"swiper-slide\"><figure class=\"swiper-slide-inner\"><img class=\"swiper-slide-image\" src=\"https:\/\/www.uniamazonia.edu.co\/genomica\/wp-content\/uploads\/2022\/05\/formacion5-1.png\" alt=\"formacion5\" \/><\/figure><\/div>\t\t\t<\/div>\n\t\t\t\t\t\t\t\t\t\t\t\t<div class=\"swiper-pagination\"><\/div>\n\t\t\t\t\t\t\t\t\t\t\t\t\t<div class=\"elementor-swiper-button elementor-swiper-button-prev\">\n\t\t\t\t\t\t<i aria-hidden=\"true\" class=\"eicon-chevron-left\"><\/i>\t\t\t\t\t\t<span class=\"elementor-screen-only\">Anterior<\/span>\n\t\t\t\t\t<\/div>\n\t\t\t\t\t<div class=\"elementor-swiper-button elementor-swiper-button-next\">\n\t\t\t\t\t\t<i aria-hidden=\"true\" class=\"eicon-chevron-right\"><\/i>\t\t\t\t\t\t<span class=\"elementor-screen-only\">Siguiente<\/span>\n\t\t\t\t\t<\/div>\n\t\t\t\t\t\t\t\t\t<\/div>\n\t\t\t\t<\/div>\n\t\t\t\t<\/div>\n\t\t\t\t\t<\/div>\n\t\t<\/div>\n\t\t\t\t\t\t\t<\/div>\n\t\t<\/section>\n\t\t\t\t\t\t\t<\/div>\n\t\t","protected":false},"excerpt":{"rendered":"<p>La Transferencia de embriones es una biotecnolog\u00eda que permite realizar la fecundaci\u00f3n en un laboratorio especializado, producir embriones y transferirlos a las hembras receptoras con el fin de completar el per\u00edodo de gestaci\u00f3n. El proceso comienza con la selecci\u00f3n de las hembras donadoras y toros, pues deben contribuir con alto valor gen\u00e9tico. Las donadoras se [&hellip;]<\/p>\n","protected":false},"author":1,"featured_media":0,"parent":0,"menu_order":0,"comment_status":"closed","ping_status":"closed","template":"","meta":[],"_links":{"self":[{"href":"https:\/\/www.uniamazonia.edu.co\/genomica\/index.php\/wp-json\/wp\/v2\/pages\/87"}],"collection":[{"href":"https:\/\/www.uniamazonia.edu.co\/genomica\/index.php\/wp-json\/wp\/v2\/pages"}],"about":[{"href":"https:\/\/www.uniamazonia.edu.co\/genomica\/index.php\/wp-json\/wp\/v2\/types\/page"}],"author":[{"embeddable":true,"href":"https:\/\/www.uniamazonia.edu.co\/genomica\/index.php\/wp-json\/wp\/v2\/users\/1"}],"replies":[{"embeddable":true,"href":"https:\/\/www.uniamazonia.edu.co\/genomica\/index.php\/wp-json\/wp\/v2\/comments?post=87"}],"version-history":[{"count":26,"href":"https:\/\/www.uniamazonia.edu.co\/genomica\/index.php\/wp-json\/wp\/v2\/pages\/87\/revisions"}],"predecessor-version":[{"id":867,"href":"https:\/\/www.uniamazonia.edu.co\/genomica\/index.php\/wp-json\/wp\/v2\/pages\/87\/revisions\/867"}],"wp:attachment":[{"href":"https:\/\/www.uniamazonia.edu.co\/genomica\/index.php\/wp-json\/wp\/v2\/media?parent=87"}],"curies":[{"name":"wp","href":"https:\/\/api.w.org\/{rel}","templated":true}]}}