{"id":86,"date":"2022-03-24T17:04:29","date_gmt":"2022-03-24T22:04:29","guid":{"rendered":"http:\/\/localhost\/genomica\/?page_id=86"},"modified":"2022-05-10T09:50:04","modified_gmt":"2022-05-10T14:50:04","slug":"biblioteca-digital","status":"publish","type":"page","link":"https:\/\/www.uniamazonia.edu.co\/genomica\/index.php\/biblioteca-digital\/","title":{"rendered":"Biblioteca digital"},"content":{"rendered":"\t\t<div data-elementor-type=\"wp-page\" data-elementor-id=\"86\" class=\"elementor elementor-86\">\n\t\t\t\t\t\t\t\t\t<section class=\"elementor-section elementor-top-section elementor-element elementor-element-520b165 elementor-section-boxed elementor-section-height-default elementor-section-height-default\" data-id=\"520b165\" data-element_type=\"section\">\n\t\t\t\t\t\t<div class=\"elementor-container elementor-column-gap-default\">\n\t\t\t\t\t<div class=\"elementor-column elementor-col-100 elementor-top-column elementor-element elementor-element-5fb20fb\" data-id=\"5fb20fb\" data-element_type=\"column\">\n\t\t\t<div class=\"elementor-widget-wrap elementor-element-populated\">\n\t\t\t\t\t\t\t\t<div class=\"elementor-element elementor-element-f764c4a elementor-widget elementor-widget-text-editor\" data-id=\"f764c4a\" data-element_type=\"widget\" data-widget_type=\"text-editor.default\">\n\t\t\t\t<div class=\"elementor-widget-container\">\n\t\t\t<style>\/*! elementor - v3.6.1 - 23-03-2022 *\/\n.elementor-widget-text-editor.elementor-drop-cap-view-stacked .elementor-drop-cap{background-color:#818a91;color:#fff}.elementor-widget-text-editor.elementor-drop-cap-view-framed .elementor-drop-cap{color:#818a91;border:3px solid;background-color:transparent}.elementor-widget-text-editor:not(.elementor-drop-cap-view-default) .elementor-drop-cap{margin-top:8px}.elementor-widget-text-editor:not(.elementor-drop-cap-view-default) .elementor-drop-cap-letter{width:1em;height:1em}.elementor-widget-text-editor .elementor-drop-cap{float:left;text-align:center;line-height:1;font-size:50px}.elementor-widget-text-editor .elementor-drop-cap-letter{display:inline-block}<\/style>\t\t\t\t<p style=\"text-align: justify;\"><span lang=\"ES\" style=\"box-sizing: border-box; margin: 0px; padding: 0px; outline: 0px; font-size: 11pt; line-height: 15.6933px; font-family: Lato; color: #000;\">Esta plataforma tiene como objetivo principal tener acceso de manera libre a informaci\u00f3n relacionada con el manejo del sistema de producci\u00f3n bovino, en temas como: i. Alimentaci\u00f3n y nutrici\u00f3n bovina, ii. Reproducci\u00f3n bovina, iii. Mejoramiento bovino, iv. Sanidad animal y v. Importancia del Bienestar animal y buenas pr\u00e1cticas de orde\u00f1o. Adicionalmente al libro denominado \u201cPilares de la ganader\u00eda bovina\u201d.<\/span><\/p>\t\t\t\t\t\t<\/div>\n\t\t\t\t<\/div>\n\t\t\t\t\t<\/div>\n\t\t<\/div>\n\t\t\t\t\t\t\t<\/div>\n\t\t<\/section>\n\t\t\t\t<section class=\"elementor-section elementor-top-section elementor-element elementor-element-efa9f2d elementor-section-boxed elementor-section-height-default elementor-section-height-default\" data-id=\"efa9f2d\" data-element_type=\"section\">\n\t\t\t\t\t\t<div class=\"elementor-container elementor-column-gap-default\">\n\t\t\t\t\t<div class=\"elementor-column elementor-col-33 elementor-top-column elementor-element elementor-element-d2d307c\" data-id=\"d2d307c\" data-element_type=\"column\">\n\t\t\t<div class=\"elementor-widget-wrap elementor-element-populated\">\n\t\t\t\t\t\t\t\t<div class=\"elementor-element elementor-element-ddbde5a elementor-widget elementor-widget-image\" data-id=\"ddbde5a\" data-element_type=\"widget\" data-widget_type=\"image.default\">\n\t\t\t\t<div class=\"elementor-widget-container\">\n\t\t\t<style>\/*! elementor - v3.6.1 - 23-03-2022 *\/\n.elementor-widget-image{text-align:center}.elementor-widget-image a{display:inline-block}.elementor-widget-image a img[src$=\".svg\"]{width:48px}.elementor-widget-image img{vertical-align:middle;display:inline-block}<\/style>\t\t\t\t\t\t\t\t\t\t\t\t\t<a href=\"https:\/\/www.uniamazonia.edu.co\/genomica\/index.php\/pilares-de-ganaderia\/\">\n\t\t\t\t\t\t\t<img width=\"861\" height=\"1024\" src=\"https:\/\/www.uniamazonia.edu.co\/genomica\/wp-content\/uploads\/2022\/03\/imagenes-08-861x1024.png\" class=\"attachment-large size-large\" alt=\"\" loading=\"lazy\" srcset=\"https:\/\/www.uniamazonia.edu.co\/genomica\/wp-content\/uploads\/2022\/03\/imagenes-08-861x1024.png 861w, https:\/\/www.uniamazonia.edu.co\/genomica\/wp-content\/uploads\/2022\/03\/imagenes-08-252x300.png 252w, https:\/\/www.uniamazonia.edu.co\/genomica\/wp-content\/uploads\/2022\/03\/imagenes-08-768x913.png 768w, https:\/\/www.uniamazonia.edu.co\/genomica\/wp-content\/uploads\/2022\/03\/imagenes-08.png 1199w\" sizes=\"(max-width: 861px) 100vw, 861px\" \/>\t\t\t\t\t\t\t\t<\/a>\n\t\t\t\t\t\t\t\t\t\t\t\t\t\t\t<\/div>\n\t\t\t\t<\/div>\n\t\t\t\t\t<\/div>\n\t\t<\/div>\n\t\t\t\t<div class=\"elementor-column elementor-col-33 elementor-top-column elementor-element elementor-element-2ed24c2\" data-id=\"2ed24c2\" data-element_type=\"column\">\n\t\t\t<div class=\"elementor-widget-wrap elementor-element-populated\">\n\t\t\t\t\t\t\t\t<div class=\"elementor-element elementor-element-0658a8e elementor-widget elementor-widget-image\" data-id=\"0658a8e\" data-element_type=\"widget\" data-widget_type=\"image.default\">\n\t\t\t\t<div class=\"elementor-widget-container\">\n\t\t\t\t\t\t\t\t\t\t\t\t\t\t\t\t<a href=\"https:\/\/www.uniamazonia.edu.co\/genomica\/index.php\/bienestar-animal-y-buenas-practicas-de-ordeno\/\">\n\t\t\t\t\t\t\t<img width=\"861\" height=\"1024\" src=\"https:\/\/www.uniamazonia.edu.co\/genomica\/wp-content\/uploads\/2022\/03\/imagenes-07-861x1024.png\" class=\"attachment-large size-large\" alt=\"\" loading=\"lazy\" srcset=\"https:\/\/www.uniamazonia.edu.co\/genomica\/wp-content\/uploads\/2022\/03\/imagenes-07-861x1024.png 861w, https:\/\/www.uniamazonia.edu.co\/genomica\/wp-content\/uploads\/2022\/03\/imagenes-07-252x300.png 252w, https:\/\/www.uniamazonia.edu.co\/genomica\/wp-content\/uploads\/2022\/03\/imagenes-07-768x913.png 768w, https:\/\/www.uniamazonia.edu.co\/genomica\/wp-content\/uploads\/2022\/03\/imagenes-07.png 1199w\" sizes=\"(max-width: 861px) 100vw, 861px\" \/>\t\t\t\t\t\t\t\t<\/a>\n\t\t\t\t\t\t\t\t\t\t\t\t\t\t\t<\/div>\n\t\t\t\t<\/div>\n\t\t\t\t\t<\/div>\n\t\t<\/div>\n\t\t\t\t<div class=\"elementor-column elementor-col-33 elementor-top-column elementor-element elementor-element-a608a6b\" data-id=\"a608a6b\" data-element_type=\"column\">\n\t\t\t<div class=\"elementor-widget-wrap elementor-element-populated\">\n\t\t\t\t\t\t\t\t<div class=\"elementor-element elementor-element-feff1c0 elementor-widget elementor-widget-image\" data-id=\"feff1c0\" data-element_type=\"widget\" data-widget_type=\"image.default\">\n\t\t\t\t<div class=\"elementor-widget-container\">\n\t\t\t\t\t\t\t\t\t\t\t\t\t\t\t\t<a href=\"https:\/\/www.uniamazonia.edu.co\/genomica\/index.php\/reproduccion-bovina\/\">\n\t\t\t\t\t\t\t<img width=\"860\" height=\"1024\" src=\"https:\/\/www.uniamazonia.edu.co\/genomica\/wp-content\/uploads\/2022\/03\/imagenes-06-860x1024.png\" class=\"attachment-large size-large\" alt=\"\" loading=\"lazy\" srcset=\"https:\/\/www.uniamazonia.edu.co\/genomica\/wp-content\/uploads\/2022\/03\/imagenes-06-860x1024.png 860w, https:\/\/www.uniamazonia.edu.co\/genomica\/wp-content\/uploads\/2022\/03\/imagenes-06-252x300.png 252w, https:\/\/www.uniamazonia.edu.co\/genomica\/wp-content\/uploads\/2022\/03\/imagenes-06-768x914.png 768w, https:\/\/www.uniamazonia.edu.co\/genomica\/wp-content\/uploads\/2022\/03\/imagenes-06.png 1198w\" sizes=\"(max-width: 860px) 100vw, 860px\" \/>\t\t\t\t\t\t\t\t<\/a>\n\t\t\t\t\t\t\t\t\t\t\t\t\t\t\t<\/div>\n\t\t\t\t<\/div>\n\t\t\t\t\t<\/div>\n\t\t<\/div>\n\t\t\t\t\t\t\t<\/div>\n\t\t<\/section>\n\t\t\t\t<section class=\"elementor-section elementor-top-section elementor-element elementor-element-0168d17 elementor-section-boxed elementor-section-height-default elementor-section-height-default\" data-id=\"0168d17\" data-element_type=\"section\">\n\t\t\t\t\t\t<div class=\"elementor-container elementor-column-gap-default\">\n\t\t\t\t\t<div class=\"elementor-column elementor-col-33 elementor-top-column elementor-element elementor-element-fef938a\" data-id=\"fef938a\" data-element_type=\"column\">\n\t\t\t<div class=\"elementor-widget-wrap elementor-element-populated\">\n\t\t\t\t\t\t\t\t<div class=\"elementor-element elementor-element-2fb8f20 elementor-widget elementor-widget-image\" data-id=\"2fb8f20\" data-element_type=\"widget\" data-widget_type=\"image.default\">\n\t\t\t\t<div class=\"elementor-widget-container\">\n\t\t\t\t\t\t\t\t\t\t\t\t\t\t\t\t<a href=\"https:\/\/www.uniamazonia.edu.co\/genomica\/index.php\/sanidad-bovina\/\">\n\t\t\t\t\t\t\t<img width=\"861\" height=\"1024\" src=\"https:\/\/www.uniamazonia.edu.co\/genomica\/wp-content\/uploads\/2022\/03\/imagenes-09-861x1024.png\" class=\"attachment-large size-large\" alt=\"\" loading=\"lazy\" srcset=\"https:\/\/www.uniamazonia.edu.co\/genomica\/wp-content\/uploads\/2022\/03\/imagenes-09-861x1024.png 861w, https:\/\/www.uniamazonia.edu.co\/genomica\/wp-content\/uploads\/2022\/03\/imagenes-09-252x300.png 252w, https:\/\/www.uniamazonia.edu.co\/genomica\/wp-content\/uploads\/2022\/03\/imagenes-09-768x913.png 768w, https:\/\/www.uniamazonia.edu.co\/genomica\/wp-content\/uploads\/2022\/03\/imagenes-09.png 1199w\" sizes=\"(max-width: 861px) 100vw, 861px\" \/>\t\t\t\t\t\t\t\t<\/a>\n\t\t\t\t\t\t\t\t\t\t\t\t\t\t\t<\/div>\n\t\t\t\t<\/div>\n\t\t\t\t\t<\/div>\n\t\t<\/div>\n\t\t\t\t<div class=\"elementor-column elementor-col-33 elementor-top-column elementor-element elementor-element-5b1dc54\" data-id=\"5b1dc54\" data-element_type=\"column\">\n\t\t\t<div class=\"elementor-widget-wrap elementor-element-populated\">\n\t\t\t\t\t\t\t\t<div class=\"elementor-element elementor-element-a28bb34 elementor-widget elementor-widget-image\" data-id=\"a28bb34\" data-element_type=\"widget\" data-widget_type=\"image.default\">\n\t\t\t\t<div class=\"elementor-widget-container\">\n\t\t\t\t\t\t\t\t\t\t\t\t\t\t\t\t<a href=\"https:\/\/www.uniamazonia.edu.co\/genomica\/index.php\/nutricion-bovina\/\">\n\t\t\t\t\t\t\t<img width=\"860\" height=\"1024\" src=\"https:\/\/www.uniamazonia.edu.co\/genomica\/wp-content\/uploads\/2022\/03\/imagenes-05-860x1024.png\" class=\"attachment-large size-large\" alt=\"\" loading=\"lazy\" srcset=\"https:\/\/www.uniamazonia.edu.co\/genomica\/wp-content\/uploads\/2022\/03\/imagenes-05-860x1024.png 860w, https:\/\/www.uniamazonia.edu.co\/genomica\/wp-content\/uploads\/2022\/03\/imagenes-05-252x300.png 252w, https:\/\/www.uniamazonia.edu.co\/genomica\/wp-content\/uploads\/2022\/03\/imagenes-05-768x914.png 768w, https:\/\/www.uniamazonia.edu.co\/genomica\/wp-content\/uploads\/2022\/03\/imagenes-05.png 1199w\" sizes=\"(max-width: 860px) 100vw, 860px\" \/>\t\t\t\t\t\t\t\t<\/a>\n\t\t\t\t\t\t\t\t\t\t\t\t\t\t\t<\/div>\n\t\t\t\t<\/div>\n\t\t\t\t\t<\/div>\n\t\t<\/div>\n\t\t\t\t<div class=\"elementor-column elementor-col-33 elementor-top-column elementor-element elementor-element-73c579a\" data-id=\"73c579a\" data-element_type=\"column\">\n\t\t\t<div class=\"elementor-widget-wrap elementor-element-populated\">\n\t\t\t\t\t\t\t\t<div class=\"elementor-element elementor-element-83fa217 elementor-widget elementor-widget-image\" data-id=\"83fa217\" data-element_type=\"widget\" data-widget_type=\"image.default\">\n\t\t\t\t<div class=\"elementor-widget-container\">\n\t\t\t\t\t\t\t\t\t\t\t\t\t\t\t\t<a href=\"https:\/\/www.uniamazonia.edu.co\/genomica\/index.php\/mejoramiento-genetico\/\">\n\t\t\t\t\t\t\t<img width=\"861\" height=\"1024\" src=\"https:\/\/www.uniamazonia.edu.co\/genomica\/wp-content\/uploads\/2022\/03\/imagenes-10-861x1024.png\" class=\"attachment-large size-large\" alt=\"\" loading=\"lazy\" srcset=\"https:\/\/www.uniamazonia.edu.co\/genomica\/wp-content\/uploads\/2022\/03\/imagenes-10-861x1024.png 861w, https:\/\/www.uniamazonia.edu.co\/genomica\/wp-content\/uploads\/2022\/03\/imagenes-10-252x300.png 252w, https:\/\/www.uniamazonia.edu.co\/genomica\/wp-content\/uploads\/2022\/03\/imagenes-10-768x913.png 768w, https:\/\/www.uniamazonia.edu.co\/genomica\/wp-content\/uploads\/2022\/03\/imagenes-10.png 1199w\" sizes=\"(max-width: 861px) 100vw, 861px\" \/>\t\t\t\t\t\t\t\t<\/a>\n\t\t\t\t\t\t\t\t\t\t\t\t\t\t\t<\/div>\n\t\t\t\t<\/div>\n\t\t\t\t\t<\/div>\n\t\t<\/div>\n\t\t\t\t\t\t\t<\/div>\n\t\t<\/section>\n\t\t\t\t\t\t\t<\/div>\n\t\t","protected":false},"excerpt":{"rendered":"<p>Esta plataforma tiene como objetivo principal tener acceso de manera libre a informaci\u00f3n relacionada con el manejo del sistema de producci\u00f3n bovino, en temas como: i. Alimentaci\u00f3n y nutrici\u00f3n bovina, ii. Reproducci\u00f3n bovina, iii. Mejoramiento bovino, iv. Sanidad animal y v. Importancia del Bienestar animal y buenas pr\u00e1cticas de orde\u00f1o. Adicionalmente al libro denominado \u201cPilares [&hellip;]<\/p>\n","protected":false},"author":1,"featured_media":0,"parent":0,"menu_order":0,"comment_status":"closed","ping_status":"closed","template":"","meta":[],"_links":{"self":[{"href":"https:\/\/www.uniamazonia.edu.co\/genomica\/index.php\/wp-json\/wp\/v2\/pages\/86"}],"collection":[{"href":"https:\/\/www.uniamazonia.edu.co\/genomica\/index.php\/wp-json\/wp\/v2\/pages"}],"about":[{"href":"https:\/\/www.uniamazonia.edu.co\/genomica\/index.php\/wp-json\/wp\/v2\/types\/page"}],"author":[{"embeddable":true,"href":"https:\/\/www.uniamazonia.edu.co\/genomica\/index.php\/wp-json\/wp\/v2\/users\/1"}],"replies":[{"embeddable":true,"href":"https:\/\/www.uniamazonia.edu.co\/genomica\/index.php\/wp-json\/wp\/v2\/comments?post=86"}],"version-history":[{"count":37,"href":"https:\/\/www.uniamazonia.edu.co\/genomica\/index.php\/wp-json\/wp\/v2\/pages\/86\/revisions"}],"predecessor-version":[{"id":606,"href":"https:\/\/www.uniamazonia.edu.co\/genomica\/index.php\/wp-json\/wp\/v2\/pages\/86\/revisions\/606"}],"wp:attachment":[{"href":"https:\/\/www.uniamazonia.edu.co\/genomica\/index.php\/wp-json\/wp\/v2\/media?parent=86"}],"curies":[{"name":"wp","href":"https:\/\/api.w.org\/{rel}","templated":true}]}}