{"id":264,"date":"2021-09-10T15:36:16","date_gmt":"2021-09-10T20:36:16","guid":{"rendered":"http:\/\/estacion-04.local\/arainmba\/?page_id=264"},"modified":"2021-09-23T10:37:46","modified_gmt":"2021-09-23T15:37:46","slug":"quines-somos","status":"publish","type":"page","link":"https:\/\/www.uniamazonia.edu.co\/arainmba\/index.php\/quines-somos\/","title":{"rendered":"Arainmba"},"content":{"rendered":"\t\t<div data-elementor-type=\"wp-page\" data-elementor-id=\"264\" class=\"elementor elementor-264\" data-elementor-settings=\"[]\">\n\t\t\t\t\t\t\t<div class=\"elementor-section-wrap\">\n\t\t\t\t\t\t\t<section class=\"elementor-section elementor-top-section elementor-element elementor-element-c185925 elementor-section-boxed elementor-section-height-default elementor-section-height-default\" data-id=\"c185925\" data-element_type=\"section\">\n\t\t\t\t\t\t<div class=\"elementor-container elementor-column-gap-default\">\n\t\t\t\t\t<div class=\"elementor-column elementor-col-100 elementor-top-column elementor-element elementor-element-f1d39dc\" data-id=\"f1d39dc\" data-element_type=\"column\">\n\t\t\t<div class=\"elementor-widget-wrap elementor-element-populated\">\n\t\t\t\t\t\t\t\t<div class=\"elementor-element elementor-element-5a5cc2d elementor-widget elementor-widget-heading\" data-id=\"5a5cc2d\" data-element_type=\"widget\" data-widget_type=\"heading.default\">\n\t\t\t\t<div class=\"elementor-widget-container\">\n\t\t\t<h4 class=\"elementor-heading-title elementor-size-default\">Acerca de<\/h4>\t\t<\/div>\n\t\t\t\t<\/div>\n\t\t\t\t<div class=\"elementor-element elementor-element-b47b1e3 elementor-widget elementor-widget-image\" data-id=\"b47b1e3\" data-element_type=\"widget\" data-widget_type=\"image.default\">\n\t\t\t\t<div class=\"elementor-widget-container\">\n\t\t\t\t\t\t\t\t\t\t\t\t\t\t\t<img width=\"300\" height=\"3\" src=\"https:\/\/www.uniamazonia.edu.co\/arainmba\/wp-content\/uploads\/2021\/09\/line-300x3.png\" class=\"attachment-medium size-medium\" alt=\"\" loading=\"lazy\" srcset=\"https:\/\/www.uniamazonia.edu.co\/arainmba\/wp-content\/uploads\/2021\/09\/line-300x3.png 300w, https:\/\/www.uniamazonia.edu.co\/arainmba\/wp-content\/uploads\/2021\/09\/line-1024x11.png 1024w, https:\/\/www.uniamazonia.edu.co\/arainmba\/wp-content\/uploads\/2021\/09\/line-768x8.png 768w, https:\/\/www.uniamazonia.edu.co\/arainmba\/wp-content\/uploads\/2021\/09\/line.png 1398w\" sizes=\"(max-width: 300px) 100vw, 300px\" \/>\t\t\t\t\t\t\t\t\t\t\t\t\t\t\t<\/div>\n\t\t\t\t<\/div>\n\t\t\t\t\t<\/div>\n\t\t<\/div>\n\t\t\t\t\t\t\t<\/div>\n\t\t<\/section>\n\t\t\t\t<section class=\"elementor-section elementor-top-section elementor-element elementor-element-91749b6 elementor-section-boxed elementor-section-height-default elementor-section-height-default\" data-id=\"91749b6\" data-element_type=\"section\">\n\t\t\t\t\t\t<div class=\"elementor-container elementor-column-gap-default\">\n\t\t\t\t\t<div class=\"elementor-column elementor-col-50 elementor-top-column elementor-element elementor-element-6183792\" data-id=\"6183792\" data-element_type=\"column\">\n\t\t\t<div class=\"elementor-widget-wrap elementor-element-populated\">\n\t\t\t\t\t\t\t\t<div class=\"elementor-element elementor-element-3b1bf47 elementor-widget elementor-widget-wp-widget-text\" data-id=\"3b1bf47\" data-element_type=\"widget\" data-widget_type=\"wp-widget-text.default\">\n\t\t\t\t<div class=\"elementor-widget-container\">\n\t\t\t\t\t\t<div class=\"textwidget\"><p style=\"text-align: justify\"><span style=\"margin: 0px;padding: 0px;font-weight: bold;font-family: Lato;font-size: medium\"><span lang=\"ES\" style=\"margin: 0px;padding: 0px;font-size: 11pt;line-height: 15.6933px;font-family: Lato;color: #1d5712\">ARAINMBA<\/span><\/span><span lang=\"ES\" style=\"margin: 0px;padding: 0px;font-size: 11pt;line-height: 15.6933px;font-family: Lato;color: #000\"> es la abreviatura del proyecto de investigaci\u00f3n denominado <strong>\u201cAprovechamiento de los subproductos agroindustriales y no maderables del bosque en la alimentaci\u00f3n animal\u201d<\/strong> de las producciones bovinas y porcinas, el cual se llev\u00f3 a cabo en los municipios de:<\/span><\/p>\n<ul>\n<li style=\"text-align: justify\"><span style=\"color: #000000;font-family: Lato;font-size: 11pt\">Cartagena de Chaira<\/span><\/li>\n<li style=\"text-align: justify\"><span lang=\"ES\" style=\"margin: 0px;padding: 0px;font-size: 11pt;line-height: 15.6933px;font-family: Lato;color: #000\">Albania<\/span><\/li>\n<li style=\"text-align: justify\"><span lang=\"ES\" style=\"margin: 0px;padding: 0px;font-size: 11pt;line-height: 15.6933px;font-family: Lato;color: #000\">San Vicente del Cagu\u00e1n<\/span><\/li>\n<li style=\"text-align: justify\"><span lang=\"ES\" style=\"margin: 0px;padding: 0px;font-size: 11pt;line-height: 15.6933px;font-family: Lato;color: #000\">El Doncello<\/span><\/li>\n<li style=\"text-align: justify\"><span lang=\"ES\" style=\"margin: 0px;padding: 0px;font-size: 11pt;line-height: 15.6933px;font-family: Lato;color: #000\">Puerto Rico.<\/span><\/li>\n<\/ul>\n<\/div>\n\t\t\t\t<\/div>\n\t\t\t\t<\/div>\n\t\t\t\t\t<\/div>\n\t\t<\/div>\n\t\t\t\t<div class=\"elementor-column elementor-col-50 elementor-top-column elementor-element elementor-element-549f474\" data-id=\"549f474\" data-element_type=\"column\">\n\t\t\t<div class=\"elementor-widget-wrap elementor-element-populated\">\n\t\t\t\t\t\t\t\t<div class=\"elementor-element elementor-element-4a5770fa elementor-aspect-ratio-169 elementor-widget elementor-widget-video\" data-id=\"4a5770fa\" data-element_type=\"widget\" data-settings=\"{&quot;youtube_url&quot;:&quot;https:\\\/\\\/youtu.be\\\/IlFYN7wf0hw&quot;,&quot;video_type&quot;:&quot;youtube&quot;,&quot;controls&quot;:&quot;yes&quot;,&quot;aspect_ratio&quot;:&quot;169&quot;}\" data-widget_type=\"video.default\">\n\t\t\t\t<div class=\"elementor-widget-container\">\n\t\t\t\t\t<div class=\"elementor-wrapper elementor-fit-aspect-ratio elementor-open-inline\">\n\t\t\t<div class=\"elementor-video\"><\/div>\t\t<\/div>\n\t\t\t\t<\/div>\n\t\t\t\t<\/div>\n\t\t\t\t\t<\/div>\n\t\t<\/div>\n\t\t\t\t\t\t\t<\/div>\n\t\t<\/section>\n\t\t\t\t<section class=\"elementor-section elementor-top-section elementor-element elementor-element-917164d elementor-section-boxed elementor-section-height-default elementor-section-height-default\" data-id=\"917164d\" data-element_type=\"section\">\n\t\t\t\t\t\t<div class=\"elementor-container elementor-column-gap-default\">\n\t\t\t\t\t<div class=\"elementor-column elementor-col-100 elementor-top-column elementor-element elementor-element-0003a36\" data-id=\"0003a36\" data-element_type=\"column\">\n\t\t\t<div class=\"elementor-widget-wrap elementor-element-populated\">\n\t\t\t\t\t\t\t\t<div class=\"elementor-element elementor-element-8ac6d6e elementor-widget elementor-widget-wp-widget-text\" data-id=\"8ac6d6e\" data-element_type=\"widget\" data-widget_type=\"wp-widget-text.default\">\n\t\t\t\t<div class=\"elementor-widget-container\">\n\t\t\t\t\t\t<div class=\"textwidget\"><p style=\"text-align: justify\"><span style=\"margin: 0px;padding: 0px;font-family: Lato;font-size: medium\"><span lang=\"ES\" style=\"margin: 0px;padding: 0px;font-size: 11pt;line-height: 15.6933px;font-family: Lato;color: #000\">El proyecto de investigaci\u00f3n<\/span><\/span><span style=\"margin: 0px;padding: 0px;font-weight: bold;font-family: Lato;font-size: medium\"><span lang=\"ES\" style=\"margin: 0px;padding: 0px;font-size: 11pt;line-height: 15.6933px;font-family: Lato;color: #1d5712\"> ARAINMBA<\/span><\/span><span lang=\"ES\" style=\"margin: 0px;padding: 0px;font-size: 11pt;line-height: 15.6933px;font-family: Lato;color: #000\"> tiene como objetivo general \u201cDesarrollar alternativas de alimentaci\u00f3n animal con Productos Forestales No maderables (PFNM) y agroindustriales a partir del conocimiento cient\u00edfico en el Departamento de Caquet\u00e1\u201d, que busca mediante la investigaci\u00f3n el uso sostenible de los siguientes productos: cuatro (4) especies no maderables correspondientes a Palma Canangucha (Mauritia Flexuosa), Palma Milpesos (Oenocarpus Bataua), Boca de Indio (Piptocomo discolor) y Veranera (Cratylia argentea) dos (2) subproductos agroindustriales del departamento conocidos como Palmiste, C\u00e1scara de cacao (Theobroma cacao) y Copoaz\u00fa (Theobroma grandiflorum), todas dadas en la regi\u00f3n. Los anteriores recursos se aprovechar\u00e1n para la nutrici\u00f3n animal (bovinos y porcinos) contribuyendo a la generaci\u00f3n de nuevo conocimiento cient\u00edfico en el territorio para los sectores productivos m\u00e1s representativos y, a su vez, como medio para mejorar el bienestar de las poblaciones rurales y al propio tiempo, conservar los bosques existentes.<\/span><\/p>\n<\/div>\n\t\t\t\t<\/div>\n\t\t\t\t<\/div>\n\t\t\t\t\t<\/div>\n\t\t<\/div>\n\t\t\t\t\t\t\t<\/div>\n\t\t<\/section>\n\t\t\t\t<section class=\"elementor-section elementor-top-section elementor-element elementor-element-a672662 elementor-section-boxed elementor-section-height-default elementor-section-height-default\" data-id=\"a672662\" data-element_type=\"section\" data-settings=\"{&quot;background_background&quot;:&quot;classic&quot;}\">\n\t\t\t\t\t\t<div class=\"elementor-container elementor-column-gap-default\">\n\t\t\t\t\t<div class=\"elementor-column elementor-col-100 elementor-top-column elementor-element elementor-element-f9a7770\" data-id=\"f9a7770\" data-element_type=\"column\">\n\t\t\t<div class=\"elementor-widget-wrap elementor-element-populated\">\n\t\t\t\t\t\t\t\t<div class=\"elementor-element elementor-element-0465dde elementor-widget elementor-widget-spacer\" data-id=\"0465dde\" data-element_type=\"widget\" data-widget_type=\"spacer.default\">\n\t\t\t\t<div class=\"elementor-widget-container\">\n\t\t\t\t\t<div class=\"elementor-spacer\">\n\t\t\t<div class=\"elementor-spacer-inner\"><\/div>\n\t\t<\/div>\n\t\t\t\t<\/div>\n\t\t\t\t<\/div>\n\t\t\t\t<div class=\"elementor-element elementor-element-a3c369a elementor-widget elementor-widget-heading\" data-id=\"a3c369a\" data-element_type=\"widget\" data-widget_type=\"heading.default\">\n\t\t\t\t<div class=\"elementor-widget-container\">\n\t\t\t<h4 class=\"elementor-heading-title elementor-size-default\">Objetivos principales del proyecto ARAINMBA:<\/h4>\t\t<\/div>\n\t\t\t\t<\/div>\n\t\t\t\t<div class=\"elementor-element elementor-element-c8ecfb0 elementor-widget elementor-widget-image\" data-id=\"c8ecfb0\" data-element_type=\"widget\" data-widget_type=\"image.default\">\n\t\t\t\t<div class=\"elementor-widget-container\">\n\t\t\t\t\t\t\t\t\t\t\t\t\t\t\t<img width=\"300\" height=\"3\" src=\"https:\/\/www.uniamazonia.edu.co\/arainmba\/wp-content\/uploads\/2021\/09\/line-300x3.png\" class=\"attachment-medium size-medium\" alt=\"\" loading=\"lazy\" srcset=\"https:\/\/www.uniamazonia.edu.co\/arainmba\/wp-content\/uploads\/2021\/09\/line-300x3.png 300w, https:\/\/www.uniamazonia.edu.co\/arainmba\/wp-content\/uploads\/2021\/09\/line-1024x11.png 1024w, https:\/\/www.uniamazonia.edu.co\/arainmba\/wp-content\/uploads\/2021\/09\/line-768x8.png 768w, https:\/\/www.uniamazonia.edu.co\/arainmba\/wp-content\/uploads\/2021\/09\/line.png 1398w\" sizes=\"(max-width: 300px) 100vw, 300px\" \/>\t\t\t\t\t\t\t\t\t\t\t\t\t\t\t<\/div>\n\t\t\t\t<\/div>\n\t\t\t\t<div class=\"elementor-element elementor-element-99fbf59 elementor-widget elementor-widget-wp-widget-text\" data-id=\"99fbf59\" data-element_type=\"widget\" data-widget_type=\"wp-widget-text.default\">\n\t\t\t\t<div class=\"elementor-widget-container\">\n\t\t\t\t\t\t<div class=\"textwidget\"><p style=\"text-align: justify\"><span lang=\"ES\" style=\"margin: 0px;padding: 0px;font-size: 11pt;line-height: 15.6933px;font-family: Lato;color: #000\"><strong>Generar conocimiento de las caracter\u00edsticas fisicoqu\u00edmicas de car\u00e1cter nutricional para alimentaci\u00f3n animal de PNMB y agroindustriales<\/strong> que se producen en el Departamento de Caquet\u00e1, previamente identificados, y que son aprovechados hist\u00f3ricamente por la poblaci\u00f3n rural y las comunidades residentes en los bosques tropicales para consumo y comercio regional, entre ellos, como alimento para animales. En otras palabras, este objetivo busca llevar a cabo un an\u00e1lisis Bromatol\u00f3gico en cada una de las especies.<\/span><\/p>\n<p style=\"text-align: justify\"><span lang=\"ES\" style=\"margin: 0px;padding: 0px;font-size: 11pt;line-height: 15.6933px;font-family: Lato;color: #000\"><br \/>\n<strong>Generar nuevo conocimiento de oferta nutricional animal en el departamento mediante el dise\u00f1o y elaboraci\u00f3n de protocolos de producci\u00f3n de alimento<\/strong> con base en PNMB y agroindustriales que se originan en la regi\u00f3n. De acuerdo con el \u00cdndice Departamental de Innovaci\u00f3n para Colombia (IDIC), 2018, en el pilar 6. Producci\u00f3n de conocimiento y tecnolog\u00eda, Caquet\u00e1 es el tercer departamento menos productivo en materia de creaci\u00f3n de conocimiento, en el ranking del escalaf\u00f3n, ocupa la posici\u00f3n 29 de 31 departamentos analizados, apenas superando a Arauca y La Guajira. Como resultado de este objetivo, se publicar\u00e1n cinco (5) art\u00edculos en revistas indexadas con lo cual se busca, adem\u00e1s de generar nuevo conocimiento cient\u00edfico al servicio del sector productivo de la regi\u00f3n, mejorar los indicadores de competitividad en materia cient\u00edfica del departamento.<\/span><\/p>\n<p style=\"text-align: justify\"><span lang=\"ES\" style=\"margin: 0px;padding: 0px;font-size: 11pt;line-height: 15.6933px;font-family: Lato;color: #000\"><br \/>\n<strong>Incrementar los procesos de transferencia de conocimiento relacionado con PNMB y agroindustriales para su aprovechamiento sostenible.<\/strong> A trav\u00e9s de acciones de promoci\u00f3n y divulgaci\u00f3n de conocimiento de los resultados hacia la comunidad, se busca que \u00e9sta apropie el conocimiento en aras de mejorar las condiciones de vida, generando ingresos y empleos derivados de la transformaci\u00f3n y comercializaci\u00f3n de los PFNM y agroindustriales del bosque.<\/span><\/p>\n<\/div>\n\t\t\t\t<\/div>\n\t\t\t\t<\/div>\n\t\t\t\t\t<\/div>\n\t\t<\/div>\n\t\t\t\t\t\t\t<\/div>\n\t\t<\/section>\n\t\t\t\t\t\t<\/div>\n\t\t\t\t\t<\/div>\n\t\t","protected":false},"excerpt":{"rendered":"<p>Acerca de Objetivos principales del proyecto ARAINMBA:<\/p>\n","protected":false},"author":1,"featured_media":0,"parent":0,"menu_order":0,"comment_status":"closed","ping_status":"closed","template":"","meta":[],"_links":{"self":[{"href":"https:\/\/www.uniamazonia.edu.co\/arainmba\/index.php\/wp-json\/wp\/v2\/pages\/264"}],"collection":[{"href":"https:\/\/www.uniamazonia.edu.co\/arainmba\/index.php\/wp-json\/wp\/v2\/pages"}],"about":[{"href":"https:\/\/www.uniamazonia.edu.co\/arainmba\/index.php\/wp-json\/wp\/v2\/types\/page"}],"author":[{"embeddable":true,"href":"https:\/\/www.uniamazonia.edu.co\/arainmba\/index.php\/wp-json\/wp\/v2\/users\/1"}],"replies":[{"embeddable":true,"href":"https:\/\/www.uniamazonia.edu.co\/arainmba\/index.php\/wp-json\/wp\/v2\/comments?post=264"}],"version-history":[{"count":17,"href":"https:\/\/www.uniamazonia.edu.co\/arainmba\/index.php\/wp-json\/wp\/v2\/pages\/264\/revisions"}],"predecessor-version":[{"id":1827,"href":"https:\/\/www.uniamazonia.edu.co\/arainmba\/index.php\/wp-json\/wp\/v2\/pages\/264\/revisions\/1827"}],"wp:attachment":[{"href":"https:\/\/www.uniamazonia.edu.co\/arainmba\/index.php\/wp-json\/wp\/v2\/media?parent=264"}],"curies":[{"name":"wp","href":"https:\/\/api.w.org\/{rel}","templated":true}]}}